.
-3
Let q(z) = -11. Let w(u) = u - 55. Let x(g) = -11*q(g) + 2*w(g). Calculate x(-9).
-7
Let r(h) = -h**3 + 9*h**2 - 9*h + 11. Let k be r(8). Let p(x) = -1 - 2*x + 2*x**2 - x**3 - 4*x**2 + k*x. Suppose 7*q = u + 2*q - 22, u - 2*q = 7. Give p(u).
5
Let w be (-12)/10*(-20)/3. Let u = 3 - w. Let l(m) = m**3 + 5*m**2 - 2*m - 5. Determine l(u).
5
Let v(w) = 2*w**2 - w - 9. Let j be v(3). Suppose -9*o = -j*o + 9. Let n(p) = 2*p + 3. Calculate n(o).
-3
Let g(z) = -z**3 - z**2 - z + 1. Let p be g(0). Let c = -2 + p. Let a(k) = -4*k**2 - k. What is a(c)?
-3
Let y(a) = -a**3 - 6*a**2 - 5*a - 7. Let q = -128 - -123. Calculate y(q).
-7
Let d = -16 + 13. Let h = -4 - 0. Let k = d - h. Let p(t) = t. What is p(k)?
1
Let g(m) be the third derivative of 2*m**5/15 + m**3/6 + 16*m**2. Determine g(-1).
9
Suppose b - 5 = -3*d + 1, 5*d - 5*b = 10. Suppose 0 = 5*y - x - 4 - 9, -y = -3*x - 11. Let q(i) = 0*i**2 - 2*i - 4 + 2 + d*i**y. Give q(2).
2
Let q(y) be the second derivative of y**3/6 + 7*y**2/2 + 8*y - 2. Let u be 1/(-3) + (-8)/3. Let i(v) = v**2 + 3*v. Let t be i(u). Calculate q(t).
7
Let d(q) = -8*q**2 - q - 14. Let z(t) = 7*t**2 + 2*t + 13. Let g(n) = -6*d(n) - 7*z(n). Calculate g(-7).
0
Let w(o) = o**3 - 3*o**2 - 3*o - 2. Let m be w(4). Let z(a) be the third derivative of a**6/60 - a**5/20 + a**4/12 - a**3/3 + 2*a**2. Calculate z(m).
6
Let h(f) = -f + 1. Let a = -17 + 19. Suppose -3*x = -a + 11. Calculate h(x).
4
Let n(f) = 4 + 38*f + 0*f**2 - 39*f - 3*f**2. Determine n(-3).
-20
Let f(i) = -i**3 + 6*i**2. Let l be f(6). Suppose -2*x + 6 - 2 = l. Suppose -12 = 6*b - x*b. Let y(g) = g**3 + 2*g**2 - 2*g - 4. Calculate y(b).
-7
Let x = 2 - 0. Let a(u) = -u**3 + 4*u**2 + 7*u - 7. Let y be a(5). Let z(k) = -3 + 1 - y + 4 - k. What is z(x)?
-3
Let t(a) be the first derivative of 3*a**2/2 + a + 1. Let h(g) = 2*g**2 + 1. Let d be h(1). What is t(d)?
10
Let s(q) = 3*q**2 + 2*q - 6. Let w(o) = -8*o**2 - 5*o + 17. Let v(t) = 11*s(t) + 4*w(t). What is v(-3)?
5
Let h(i) = -18*i + 0 - 4*i**3 - 1 + 18*i. Calculate h(1).
-5
Suppose 42 = 2*n - 0. Let p(x) = 2*x - 17*x**3 - n*x**3 + 32*x**3 - 1. What is p(1)?
-5
Let b(w) be the first derivative of w**3 - w**2/2 - 1. Suppose 101*h = 88*h - 13. Calculate b(h).
4
Let a(u) = u**2 - 2*u - 1. Let w be ((-72)/(-27))/(2/3). Let c be (-36)/10*20/(-6). Suppose -w*h + 0*h + c = 0. What is a(h)?
2
Let i(a) = 3*a**3 - 4*a**3 - 213*a**2 + 2 + 3*a + 0*a + 210*a**2. Let y(g) = g**3 - 5*g**2 + g + 4. Let l be y(5). Let k be l/(-6) + 2/(-4). Determine i(k).
-8
Let r(j) be the first derivative of j**3/6 - j**2 - 8*j + 8. Let b(o) be the first derivative of r(o). Determine b(2).
0
Let z(v) = 7*v. Suppose -j = -2*m + 13, -22 = 4*m - 9*m - j. Let u = m + -1. Let w be 2 - 2 - (3 - u). Determine z(w).
7
Let f(h) = 3*h**3 - 2*h**3 + 3 - 3*h + 3 - 3*h**2. Let j = -10 + 14. Determine f(j).
10
Let o(z) = -z. Let g = 9 + -1. Give o(g).
-8
Let t(j) = -5*j**3 + j + 1. Suppose 4*l = 22 + 26. Suppose -3*v + l = -d - 7, -2*v + 6 = -4*d. Let n(w) = w**3 - 8*w**2 + 7*w - 1. Let i be n(v). What is t(i)?
5
Let u(z) = z**2 + 1. Let j(o) = -6*o**2 - 2*o + 2. Let g(v) = j(v) + 5*u(v). Let y(k) = k**2 - 6*k - 5. Let b be y(6). Give g(b).
-8
Let s(c) = 3*c**3 - 2*c**2 + 2*c - 1. Suppose -4*t = i - 14, -2*i - 8 = -6*t + 2*t. Let r = -2 - -3. Suppose t*w - r = 2*w. Calculate s(w).
2
Let x(z) = 5*z**3 + 2*z + 2. Let l be x(-1). Let m(c) = 4 + 0 + 4*c - 2*c. What is m(l)?
-6
Let r be (-2 + 15/6)*6. Let c(w) = -5*w + 8*w**r + 5*w. What is c(-1)?
-8
Let y = -8 - -3. Let u(f) be the second derivative of -1/6*f**3 - 2*f**2 + 0 - f. Give u(y).
1
Let o(m) be the first derivative of 7*m**3/3 - 5*m**2 - 5*m - 4. Let k(x) = -13*x**2 + 19*x + 10. Let t(n) = -6*k(n) - 11*o(n). What is t(5)?
0
Let d = 3 - 0. Let c(b) = 2 - b + 3 + 0 - 4. Determine c(d).
-2
Let s(c) = -c**2 - 13*c - 40. Let d be s(-9). Let o(z) be the first derivative of -z**2/2 - 6*z + 2. What is o(d)?
-2
Let g(o) be the second derivative of o**4/12 - o**3/2 - 3*o**2/2 + 3*o. Let c(d) be the first derivative of g(d). What is c(4)?
5
Let h(r) = r**2 + r + 4. Let k(i) = -2*i**2 + 2*i. Let s be k(1). Determine h(s).
4
Let s(d) be the first derivative of -2*d - 2*d**3 - 9 + d**2 + 3*d**3 + d. Determine s(-2).
7
Let p(a) = -7*a**2 - 3*a + 8. Let o(g) = -4*g**2 + 2*g + 0*g**2 + g - 4*g + 4. Let z(s) = 5*o(s) - 3*p(s). Determine z(-5).
1
Let i(z) = z**2 - 12*z + 12. Let c be i(11). Let y(m) = 11*m**2 - 1. Calculate y(c).
10
Let u(b) = -b**2 - 7*b + 2. Let q be u(-7). Let t(h) = -q - 6*h + 0 - 1 - h**3 - 6*h**2. Suppose -4*y = -4 + 24. What is t(y)?
2
Let j be 15/6*16/10. Let d(z) = -z**3 + 3*z**2 + 5*z - 2. Determine d(j).
2
Let q(w) be the second derivative of w**3/6 + 3*w**2/2 - w. Let s be 300/84 - 8/14. Calculate q(s).
6
Let y(m) = -m - 10. Suppose 0*x = 5*b - 2*x + 41, -4*x + 12 = 0. Give y(b).
-3
Suppose 0 = -2*r - 2*r + 32. Let a = -7 + r. Suppose -3*b + 4*t + 24 + 7 = 0, -a = -b - t. Let v(h) = h - 11. Give v(b).
-6
Suppose 9*d - 23 = -86. Let r(l) = l + 5. What is r(d)?
-2
Let r be 5 + (-1)/(0 - 1). Let y(u) = u**2 - 4*u + 8. Give y(r).
20
Let u(x) = 3*x**3 + 11*x**2 + x - 13. Let o(k) = 2*k**3 + 6*k**2 - 7. Let v(l) = 5*o(l) - 3*u(l). Calculate v(3).
-5
Let f(o) = -3*o - 2. Let l be (2 + -4)*3/3. Let s = -4 - l. Let h be s + (-2)/(2 + 0). Give f(h).
7
Let c(z) = 3 - 6*z + 3 - 5 + 2. Let y(k) = 7*k - 4. Let q(b) = -6*c(b) - 5*y(b). Let j = -6 + 3. Give q(j).
-1
Let m(k) = k**3 - 5*k**2 - 6*k - 6. Suppose -7*p = -9*p + 20. Let h(j) = 3*j**3 + 2*j**2 - j + 2. Let b be h(-2). Let q be b/5*p/(-4). What is m(q)?
-6
Suppose c + 5 = -0*c, -4*c = -3*t + 2. Let f(a) = a + 13. Calculate f(t).
7
Let n be (-4)/(-3) - (-3)/(-9). Let a(i) = n - 6*i + 0*i**2 - i**2 + 0*i**2. Suppose -6*b + 2*b - 13 = 5*u, b + 22 = -5*u. Calculate a(u).
6
Let r be 1 + -2 + 5 + -2. Let t(z) = -9*z**2 + r*z**2 - z + 4 - 3. Suppose 6 - 2 = 4*n. Determine t(n).
-7
Let w(c) = -c**3 - c**2 + 3*c + 2. Let z be w(-2). Let m(u) = 0*u + z*u**3 + 0*u + u**3 - u**2. What is m(2)?
4
Let b(u) be the first derivative of -u**3 + u**2/2 - 2. Give b(-1).
-4
Suppose -2 + 12 = c - 3*o, o = -c + 2. Suppose 5*t = c*t - 2. Let x(v) be the first derivative of -v**4/4 - 4*v**3/3 - 3*v**2/2 - 1. What is x(t)?
-2
Let q(j) = j**3 + 6*j**2 - 4. Let a be q(-6). Let l(i) = -i**2 + i + 4. Let c(p) = -p**2 + 4. Let s(w) = 5*c(w) - 4*l(w). Calculate s(a).
4
Let a be (-34)/4 + (-1)/(-2). Let g = -5 - a. Let h(x) = 0*x - x + g*x + 4. What is h(-4)?
-4
Let h(y) = -y**3 - y. Let c(r) = r + 4 + 2*r**3 + 0*r**3 + 2*r**3 + 4*r**2. Let u(a) = c(a) + 5*h(a). What is u(3)?
1
Let h(g) = 7*g - 1 - 2*g**3 + 5*g**3 - 8*g**2 - 2*g - g. Let j(m) = -7*m**3 + 17*m**2 - 7*m + 1. Let c(p) = -5*h(p) - 2*j(p). Calculate c(5).
-2
Let v(t) = t**2 + 6*t. Let q be v(0). Let z(c) = c**2 + c + 9. Calculate z(q).
9
Let n(x) = 4*x + 1. Let q(w) = 5*w + 2. Let k(d) = -7*n(d) + 6*q(d). Let r be (8 - (2 + -1)) + 1. Suppose 2*i - r = 4*i. Calculate k(i).
-3
Let w = 1 + 2. Suppose 2*h = 5*l, l - 2*h + h - w = 0. Let o(y) = y + 25. Let p(g) = -6. Let j(m) = l*o(m) - 9*p(m). Determine j(3).
-2
Let o(n) = 0 + n + 11 + n**2 + 5 + 3. Determine o(0).
19
Let r = 23 + -38. Let x = r + 15. Let n(s) = -s**3 + s**2 + s - 3. Determine n(x).
-3
Let v(r) = -2*r**2 - 23*r - 12. Let j(x) = -x**2 - 12*x - 6. Let f(a) = 7*j(a) - 4*v(a). What is f(-5)?
-9
Suppose 0 = -g + k, 3*k = -g + 6*k - 6. Let h(i) be the second derivative of -5/2*i**2 + 0 - 2*i - 1/6*i**g. What is h(-5)?
0
Let b(i) = 9 + 5*i - i**2 + 0 - 5. Suppose a - 25 = 4*g, -3*a = 6*g - g + 10. Give b(a).
4
Let b(q) = 7*q - 5. Let a(z) = -3*z + 3. Let f(w) = -5*a(w) - 2*b(w). Let y(o) = 4*o - 20. Let t(n) = 18*f(n) - 4*y(n). Calculate t(7).
4
Let f(a) = -3*a**3 + 14*a**2 - 11*a. Let k(p) = -p**3 + 5*p**2 - 4*p. Let r(y) = -4*f(y) + 11*k(y). What is r(-2)?
-12
Let r(j) be the first derivative of 2*j - 1/4*j**4 - 3*j**2 - 8 + 2*j**3. Determine r(5).
-3
Let d be 7 - ((-8)/(-4) + -2). Let x(k) = 5*k + k + 6 + d*k**2 - 6*k**2. Suppose n + 1 = -3. Calculate x(n).
-2
Let x(w) = w**2 - 5*w + 2. Let o = 28 + -13. Let j = -10 + o. What is x(j)?
2
Let h(i) = 5*i + 7. Let q(w) = -w - 1. Let f(y) = 2*h(y) + 14*q(y). What is f(2)?
-8
Suppose 5*r - 75 + 25 = 0. Let n(z) = -z - r +